 1176. Calculate the remainder when 176 is divided by k.
38
Let h(d) = -163*d + 20. What is the remainder when h(-3) is divided by 10?
9
Let u = -1486 + 1527. What is the remainder when 168 is divided by u?
4
Suppose 22*h - 19*h - 4*n = 86, -4*h + n + 93 = 0. Calculate the remainder when 122 is divided by h.
12
Suppose -s - 180 = -5*w, -5*w = s - 6*s - 180. Calculate the remainder when 132 is divided by w.
24
Suppose -18*m = -19*m + 28. Calculate the remainder when 333 is divided by m.
25
Let s(z) = -14*z + 647. Calculate the remainder when s(-25) is divided by 50.
47
Let y(j) = -2*j**3 - 2*j**2 + 4*j - 2. Let l be y(-3). Suppose 3*f - l = 14. What is the remainder when 70 is divided by f?
10
Let b = -173 + 238. Calculate the remainder when b is divided by 12.
5
Suppose 4*u - 12 = 0, -4*a + 3*u - 268 = -1215. Calculate the remainder when a is divided by 60.
59
Let z(b) = 13*b - 199. What is the remainder when 22 is divided by z(16)?
4
Let i be 3*(-2)/2 + (104 - -1). Suppose 0 = -0*v + 3*v - i. Calculate the remainder when 65 is divided by v.
31
Let g(a) = -a**3 - 13*a**2 + 12*a - 11. Suppose 94 - 24 = -5*q. What is the remainder when 48 is divided by g(q)?
14
Suppose m - 3*m - 80 = 4*q, -5*q - 106 = 4*m. Let p = -5 - q. Suppose p*s - 12 = 10*s. Calculate the remainder when 10 is divided by s.
2
Let t(f) = 75*f + 75. What is the remainder when t(2) is divided by 38?
35
Let g(l) = l - 9. Let n be g(16). Suppose -n*t + 12*t - 315 = 0. Calculate the remainder when t is divided by 16.
15
Let y(q) = -4*q**2 - q + 1. Let r be y(1). Suppose -s + 266 = 2*s + 5*k, 16 = 4*k. What is the remainder when s is divided by (r + -3)/(2/(-8))?
26
Let x(q) = q**3 - 11*q**2 + 10*q + 1. Let g be x(10). Suppose 0*v - g = -v. Let y(s) = 9*s**3 - s. What is the remainder when 23 is divided by y(v)?
7
Suppose 2*k = -3*k + 30. Let s(m) = m**3 - 5*m**2 - 5*m - 2. Let v be s(6). Suppose -6 = -v*l + k. What is the remainder when 11 is divided by l?
2
Suppose -p + 5*p = 108. Calculate the remainder when p is divided by 6.
3
Calculate the remainder when 66 is divided by 137/4 + 3/(-60)*5.
32
Suppose 4*p - 24 = -q, -3*q + 0*q - 4*p + 48 = 0. Let a(d) = 0*d - 4 + q + 0*d - d. Calculate the remainder when 10 is divided by a(5).
1
Calculate the remainder when -4*(2 - 156/8) is divided by 24.
22
Let z(q) = -q - 3. Let o be z(-5). Suppose -c = -o*c. What is the remainder when 4 is divided by (c + -1)/((-2)/6)?
1
Suppose -4*j = -70 - 226. Calculate the remainder when 139 is divided by j.
65
Let x = 45 + -54. Let a = 21 + x. Calculate the remainder when a is divided by 7.
5
Let j be (-4)/(-4) - -3 - (1 + -3). Suppose k - 4*l - 32 = 0, -2*k - 68 = -j*k + l. Calculate the remainder when k is divided by 5.
1
Suppose -1295 = 33*z - 40*z. What is the remainder when 561 is divided by z?
6
Let r be 2/5 - (-87)/(-5). Let g(f) = 17*f**2 + 10*f - 24 + 8*f + f**3 - 20*f. Calculate the remainder when 27 is divided by g(r).
7
What is the remainder when -1 - 132/(-3 - 0) is divided by 17?
9
Let u = -242 + 270. Suppose 4*p = y + 441, 2*p - 4*p + 216 = 4*y. Calculate the remainder when p is divided by u.
26
Let a be (-530)/(-40) + 1/(-4). Let b = 27 - a. Calculate the remainder when (38 + 0)*(-1 + 2) is divided by b.
10
Suppose g = 3*m - 2*g - 12, -3*m + 47 = 4*g. Let u be (66/(-9))/((-2)/m). Let i = 46 - u. Calculate the remainder when i is divided by 5.
3
Let r = 259 - 215. Let k = -18 - -34. Calculate the remainder when r is divided by k.
12
Let d = -7 + 7. Suppose 4*m - 55 = -y, d*y = 3*y - 5*m - 233. What is the remainder when y is divided by 36?
35
Let u(t) = 2*t**3 - 7*t**2 - 10*t - 8. Let n be u(6). Suppose 5*h - 2*d - n = 0, 3*h + d - 74 = 2. Calculate the remainder when 191 is divided by h.
23
Let s(j) = -3*j**2 + 102*j - 37. Calculate the remainder when 494 is divided by s(33).
60
Let z(g) = -g + 16. What is the remainder when 222 is divided by z(0)?
14
What is the remainder when ((-33)/12)/(-11)*12 - -84 is divided by 15?
12
Suppose 0 = 5*o, 2*z + 41 = o - 37. Calculate the remainder when 48 is divided by (-4)/(-26) - 657/z.
14
Suppose 0 = -f + 5 - 0. Suppose f*g + 0*h - 180 = -h, 72 = 2*g + 4*h. What is the remainder when 105 is divided by g?
33
Let l(d) = -98*d - 1. Let n be l(-1). Suppose 0 = -4*c + n + 15. Calculate the remainder when c is divided by 16.
12
Let p(g) = 3*g**2 + 14*g + 10. What is the remainder when (0 + 2)/(1047/174 + -6) is divided by p(-7)?
57
Let j(y) = 21*y**3 + y**2 - 2*y + 1. Let g be j(1). Suppose -2*q - g = -27. Calculate the remainder when q is divided by 4/6 + 8/6.
1
Let k be (174/(-30) + 5)/((-1)/5). Suppose -28 = -3*y + k*d, 5*d + 10 = -10. Calculate the remainder when 15 is divided by y.
3
Suppose -2*q + 15 = 5*o, -o - 17 = -3*q - 3*o. Suppose 0 = q*m - 10 - 30. Let r = -18 - -21. Calculate the remainder when m is divided by r.
2
Let h = -11 - -54. Calculate the remainder when h is divided by (-25)/(3375/18) - 411/(-45).
7
Let r = 293 - 284. What is the remainder when 33 is divided by r?
6
Suppose 2*u = 4*u - 5*q - 38, -3*u - 2*q + 19 = 0. Let w = 62 + -36. What is the remainder when w is divided by u?
8
Suppose 2*o + 295 = 3*r, 4*r - 10*o + 6*o = 396. Let t = r + -88. What is the remainder when 78 is divided by t?
6
Calculate the remainder when 19 is divided by (1 - -21)/((-2)/(-1)).
8
Suppose -1 = -2*m + 3. Let b = m - -29. Suppose 0 = 4*y - 0*y - 68. What is the remainder when b is divided by y?
14
Suppose -1470 = -30*b + 2100. Calculate the remainder when b is divided by 40.
39
Suppose -2*m = -7*m + 10. What is the remainder when m/(-5) - -26*(-42)/(-30) is divided by 15?
6
Let i(l) = l**3 + 27*l**2 + 29*l + 1. Let u be i(-26). Let x = u - -159. Suppose -5*g + 75 = -30. Calculate the remainder when x is divided by g.
19
Let r = -7 + 16. Calculate the remainder when (-1 + (-52)/(-6))*3 is divided by r.
5
Suppose 0 = 15*k - 19*k + 208. Let x(m) = m**2 + 4*m - 13. What is the remainder when k is divided by x(4)?
14
Let o(p) = p**3 + 27*p**2 - 16*p + 6. What is the remainder when o(-27) is divided by 44?
42
Let y(k) be the first derivative of -k**2/2 + 37*k + 26. Calculate the remainder when y(19) is divided by 204/21 + 4/14.
8
Suppose 3*c + 2*n = 7*c - 774, 0 = 5*n - 5. Calculate the remainder when c is divided by 50.
44
Suppose 1 - 43 = -2*g. What is the remainder when (-3)/3*(-1079)/(-52)*-4 is divided by g?
20
Let r be 5*2*(-3)/6. Let k(y) = -17*y - 2. Calculate the remainder when k(r) is divided by (-696)/(-36) - (-5)/3.
20
Let z = -575 + 590. What is the remainder when 898 is divided by z?
13
Calculate the remainder when (((-330)/(-12))/11)/((-4)/(-96)) is divided by 53.
7
Let j(a) = -1. Let s(n) = n + 5. Let z(v) = -3*j(v) + s(v). Let c be z(-6). Suppose 3*m + c*m - 40 = 0. Calculate the remainder when 21 is divided by m.
5
Suppose u - 345 = -98. What is the remainder when u is divided by 63?
58
Suppose 8*z - 132 + 52 = 0. Let g(q) = q**3 - 3*q**2 + 1. What is the remainder when g(4) is divided by z?
7
Let c(t) = 9*t + 12. Let b be c(-5). Let y = 7 + b. Let d = 54 + y. Calculate the remainder when d is divided by 15.
13
Let g(c) = 9*c**2 - 65*c - 18. What is the remainder when 76 is divided by g(8)?
0
Suppose -16 = -2*a + 68. Calculate the remainder when a is divided by (-1)/(6/(-136)) - (-6)/(-9).
20
Let d = -31 + 81. Let r = d - 38. What is the remainder when 17 is divided by 4/(-24) - (-62)/r?
2
Suppose -7*k + 2*k = -10. Suppose 56 = -34*q + 36*q. Let a = q - 24. Calculate the remainder when a is divided by k.
0
Let o = -1222 - -1285. Calculate the remainder when 313 is divided by o.
61
Suppose -7*t = 24*t - 11067. Calculate the remainder when t is divided by 9.
6
Let m(a) = -a**3 + 7*a**2 + 8*a + 17. Let l be m(8). Let s(r) = -2*r + 41. What is the remainder when 34 is divided by s(l)?
6
Suppose s - 220 = -2*y, -s + 231 - 26 = -y. Suppose -s = -a - 0*p - 3*p, 0 = 2*a + p - 425. What is the remainder when a is divided by 24?
21
Let j(h) = h + 3. Let r be j(-3). Suppose -f - 2*f + 669 = r. Calculate the remainder when f/6 + (-6)/36 is divided by 20.
17
Let g = -820 - -1052. Calculate the remainder when g is divided by 78.
76
Let h = -69 + 153. Let a be (-3 + 1)/((-164)/246). Suppose -a*y = 4*y - h. Calculate the remainder when 32 is divided